e t(-4).
9
Let d(j) = 2*j**3 - 65*j**2 + 95*j - 70. Calculate d(31).
-8
Let b(d) = -d**2 + 6*d. What is b(6)?
0
Let a(o) = o**2 + 10*o - 113. What is a(-17)?
6
Let t(s) = -s**3 + 2*s**2 + 10. Give t(0).
10
Let h(f) = f**3 + 15*f**2 + 34*f - 28. Determine h(-12).
-4
Let r(s) = -6*s - 7. What is r(-7)?
35
Let t(a) = -10*a - 26. Calculate t(-3).
4
Let l(x) = x**2 - 11*x + 3. Determine l(10).
-7
Let s(r) = r**3 + 18*r**2 + 22. Determine s(-18).
22
Let f(o) = -2*o**2 - 3*o - 1. What is f(4)?
-45
Let s(d) = -d**3 - 4*d**2 + 1. Calculate s(-3).
-8
Let z(d) = 5*d + 8. What is z(-3)?
-7
Let q(f) = 7*f**2 + 4. What is q(3)?
67
Let a(x) = x**3 - 5*x**2 - 9*x + 30. Calculate a(3).
-15
Let x(t) = -t**3 + 3*t + 5. What is x(4)?
-47
Let b(w) = w**3 - 18*w**2 + 18*w - 10. Determine b(17).
7
Let f(d) = -d**2 - 15*d - 23. Calculate f(-12).
13
Let j(b) = b**2 + 31*b + 135. Give j(-5).
5
Let t(p) = p**2 - 30*p + 19. What is t(30)?
19
Let t(f) = f**3 + 7*f**2 + 5*f - 3. What is t(-5)?
22
Let c(y) = y**2 - y - 7. What is c(4)?
5
Let q(h) = h**2 + 14*h - 28. Calculate q(-14).
-28
Let l(a) = 2*a + 27. What is l(-16)?
-5
Let v(f) = -3*f**2 + 3*f + 1. Calculate v(-1).
-5
Let g(a) = -a**2 + 9*a + 8. Give g(8).
16
Let r(t) = 6*t**2 - 81*t + 29. Determine r(13).
-10
Let u(h) = -h + 22. Give u(20).
2
Let q(c) = c**3 + 5*c**2 + 5*c + 6. What is q(-4)?
2
Let c(z) = -z + 17. Give c(-10).
27
Let y(v) = 9*v + 7. Calculate y(-4).
-29
Let q(s) = -7*s + 159. Determine q(18).
33
Let w(d) = 2*d**2 + 6*d + 1. Give w(-8).
81
Let n(k) = -3*k**2 + k - 1. Calculate n(-2).
-15
Let h(g) = g**2 - 69*g + 841. Calculate h(53).
-7
Let c(m) = -m**3. Give c(2).
-8
Let z(d) = -d**3 - d**2 + 3*d + 3. Determine z(-5).
88
Let a(i) = -i**2 - i + 1. Determine a(-2).
-1
Let k(f) = 16*f - 4. Determine k(3).
44
Let m(q) = -25*q + 1071. What is m(43)?
-4
Let t(l) = -l + 32. Determine t(38).
-6
Let k(m) = 7*m - 46. Determine k(8).
10
Let p(b) = -5*b**2 + 22*b. Give p(4).
8
Let a(w) = 4*w - 17. Give a(12).
31
Let j(q) = 4*q - 8. Give j(-3).
-20
Let w(k) = -3*k**3 - 4*k**2 - 5*k - 5. Give w(-3).
55
Let b(t) = -16*t - 5. Determine b(1).
-21
Let z(r) = -r**3 + 7*r**2 + 11*r + 7. Calculate z(8).
31
Let j(l) = -10*l - 32. What is j(-5)?
18
Let c(r) = 30*r - 1. What is c(1)?
29
Let x(v) = -v**3 + 6*v**2 + 23*v - 109. What is x(7)?
3
Let w(s) = -s**2 - 10*s - 18. Calculate w(-7).
3
Let n(s) = -6*s + 25. What is n(8)?
-23
Let o(k) = -k**2 - 23*k - 114. What is o(-13)?
16
Let k(b) = -b - 10. Calculate k(-21).
11
Let h(c) = -4*c**2 - c + 3. Determine h(-3).
-30
Let o(y) = 19*y + 70. Give o(-4).
-6
Let m(a) = -a**2 - 6*a + 143. Calculate m(-15).
8
Let b(v) = -2*v + 4. What is b(3)?
-2
Let i(w) = 3*w**2 + 3*w - 7. What is i(4)?
53
Let b(o) = o**3 + 3*o**2 - 10*o + 7. Determine b(-5).
7
Let r(c) = 15*c + 699. Give r(-46).
9
Let q(o) = 3*o + 48. Calculate q(19).
105
Let t(j) = -2*j - 34. Give t(-6).
-22
Let w(k) = -6*k + 5. Calculate w(2).
-7
Let g(v) = v - 11. Calculate g(-6).
-17
Let a(l) = -l**3 + 21*l**2 - 57*l + 56. Calculate a(18).
2
Let z(s) = 2*s**2 - 9*s + 15. What is z(2)?
5
Let x(o) = -4*o**2 - 31*o - 9. Determine x(-8).
-17
Let r(w) = w**3 - 33*w**2 - 30*w - 168. Give r(34).
-32
Let k(s) = s**3 + 22*s**2 + 22*s + 48. Give k(-21).
27
Let s(n) = 13*n - 35. Calculate s(6).
43
Let h(k) = k**2 - 13*k + 31. Calculate h(7).
-11
Let g(t) = t + 8. What is g(-13)?
-5
Let v(d) = -11*d. Calculate v(1).
-11
Let c(y) = -y**3 + 6*y**2 - 3*y + 7. Calculate c(6).
-11
Let y(k) = -k**3 + 7*k**2 - 6*k - 6. Determine y(2).
2
Let h(y) = -4*y**3 + 2*y**2 - 3*y + 5. What is h(2)?
-25
Let i(z) = -z**3 - 6*z**2 + z + 5. Determine i(-5).
-25
Let n(r) = -r**2 + 13*r - 17. What is n(11)?
5
Let m(q) = -2*q**3 + 10*q**2 - 13*q + 20. What is m(4)?
0
Let p(u) = -7*u**3 - u**2 + u - 1. Calculate p(1).
-8
Let q(k) = 4*k - 15. Determine q(0).
-15
Let x(l) = 10*l + 207. What is x(-21)?
-3
Let c(a) = -a**2 - 11*a - 3. Calculate c(-13).
-29
Let t(r) = 3*r**2 - 2*r - 2. Determine t(2).
6
Let q(x) = -5*x - 3. Give q(4).
-23
Let c(u) = 23*u - 59. Determine c(2).
-13
Let h(o) = 3*o**3 + 4*o**2 + 2*o. Calculate h(-1).
-1
Let w(n) = 3*n - 17. Determine w(5).
-2
Let m(t) = -50*t - 3. What is m(1)?
-53
Let g(b) = -b + 11. Determine g(22).
-11
Let v(t) = -8*t - 78. Calculate v(-10).
2
Let s(g) = g**3 - 24*g**2 - 31*g - 11. What is s(25)?
-161
Let k(c) = -c**3 + 15*c**2 + 20. Give k(15).
20
Let c(z) = -3*z**3 - 2*z. Calculate c(-3).
87
Let k(c) = c**3 - 11*c**2 + 3*c - 22. Calculate k(11).
11
Let g(j) = 38*j + 6. Give g(0).
6
Let g(s) = s**3 + 13*s**2 + 13*s + 6. Determine g(-12).
-6
Let r(s) = -s**2 - 17*s - 55. Determine r(-13).
-3
Let j(v) = -v**2 - 35*v - 226. What is j(-9)?
8
Let z(u) = u**3 + 5*u**2 + 9*u + 17. Calculate z(-4).
-3
Let p(b) = b**3 - 3*b**2 + 2. Give p(2).
-2
Let i(v) = -13*v + 352. Give i(27).
1
Let x(c) = -2*c**2 + 3*c + 2. Calculate x(1).
3
Let a(x) = -x**2 - 17*x + 2. What is a(-19)?
-36
Let w(h) = h - 1. Calculate w(4).
3
Let y(f) = -18*f - 181. Calculate y(-10).
-1
Let l(r) = -2*r**2 - 37*r - 23. What is l(-19)?
-42
Let j(n) = 17*n + 41. What is j(-3)?
-10
Let u(c) = 32*c**3 - 4*c**2 + 4*c. Determine u(1).
32
Let z(g) = -28*g**3 - g**2 + 1. What is z(-1)?
28
Let k(w) = 2*w**2 - 13*w + 1. Determine k(6).
-5
Let y(g) = g**2 - 8*g - 14. Give y(-5).
51
Let m(p) = -p**3 + p**2 + 9*p + 6. What is m(4)?
-6
Let s(a) = -2*a**2 - 3*a - 2. Calculate s(0).
-2
Let r(u) = 2*u**2 - 24*u + 4. Give r(7).
-66
Let p(m) = -32*m**2 - 2*m - 2. Determine p(-1).
-32
Let s(g) = -g**3 - 3*g**2 + 3*g - 6. What is s(-4)?
-2
Let u(y) = y**2 - 33*y - 82. Calculate u(35).
-12
Let t(v) = v**3 + 6*v**2 - 3*v + 4. What is t(-5)?
44
Let w(r) = -r**2 - 12*r - 16. Give w(-8).
16
Let j(f) = -2*f**2 - 55*f + 24. What is j(-28)?
-4
Let b(w) = -w**3 + 13*w**2 - 17*w + 16. Give b(12).
-44
Let g(o) = o**3 - 15*o**2 + 14*o + 12. Give g(14).
12
Let s(y) = -7*y + 3. What is s(1)?
-4
Let g(d) = 2*d**2 + 20*d + 18. Determine g(-9).
0
Let u(g) = -g**3 + 22*g**2 - 19*g - 33. What is u(21)?
9
Let v(t) = -15*t**2 - 104*t + 3. Calculate v(-7).
-4
Let n(i) = 11*i - 4. Determine n(-3).
-37
Let y(u) = 4*u**2 - 14*u - 3. What is y(5)?
27
Let u(f) = -f**3 + 2*f**2 + 1. Give u(3).
-8
Let c(y) = y**2 + 6*y + 9. What is c(-8)?
25
Let f(a) = 24*a + 82. Calculate f(-3).
10
Let o(w) = 5*w**3 - 2*w**2 + 1. What is o(2)?
33
Let g(m) = 4*m + 10. Determine g(-10).
-30
Let q(p) = 3*p**2 - 4*p - 4. Determine q(-2).
16
Let d(j) = j**2 - 15*j + 20. What is d(14)?
6
Let i(h) = h**2 - 4. Give i(0).
-4
Let u(w) = -w**3 + 6*w**2 - 2*w - 1. Give u(6).
-13
Let p(q) = -247*q - 737. Give p(-3).
4
Let s(v) = 23*v + 208. Calculate s(-9).
1
Let g(s) = 7*s**2 + 31*s - 12. Calculate g(-5).
8
Let q(d) = 2*d - 49. Determine q(15).
-19
Let b(j) = -17*j - 37. Give b(-4).
31
Let f(l) = -9*l - 12. Determine f(-2).
6
Let w(z) = -z**3 - 5*z**2 + 5*z + 3. Give w(-6).
9
Let d(u) = 6*u + 34. Calculate d(-7).
-8
Let j(w) = w**3 - 11*w**2 - 3*w + 8. Give j(11).
-25
Let r(c) = -c**3 + 7*c**2 + 3*c - 4. Determine r(5).
61
Let j(d) = 2*d**2 - 9*d - 3. Calculate j(-1).
8
Let r(d) = -d**3 - 6*d**2 + 9*d + 8. Calculate r(-7).
-6
Let b(k) = k**3 - 10*k**2 - 9*k - 19. Determine b(11).
3
Let n(s) = s**2 + 4*s - 60. Determine n(6).
0
Let y(c) = -5*c - 2. Give y(2).
-12
Let k(m) = m**3 + 3*m**2 - 2*m - 2. Calculate k(-3).
4
Let g(q) = -q**2 + 15*q + 21. Determine g(15).
21
Let w(q) = 17*q**3 + q**2 + 2*q + 1. Calculate w(-2).
-135
Let h(g) = -g**3 - 5*g**2 - 11*g + 2. Calculate h(-5).
57
Let a(k) = k**2 + 15*k - 64. What is a(-18)?
-10
Let x(t) = t**3 + 11*t**2 + 13*t + 24. What is x(-10)?
-6
Let r(h) = h**2 - 9*h + 10. Calculate r(8).
2
Let g(u) = u**2 + 29*u - 8. Determine g(-29).
-8
Let r(n) = -n**2 + 11*n - 21. Give r(6).
9
Let c(j) = -j**3 + 27*j**2 - 49*j - 38. Give c(25).
-13
Let o(f) = f**2 + 10*f - 12. Give o(-11).
-1
Let s(m) = 10*m**2. Calculate s(1).
10
Let s(w) = -58*w + 17. What is s(2)?
-99
Let f(s) = -3*s - 99. Give f(-32).
-3
Let n(t) = 6*t - 56. Calculate n(5).
-26
Let u(j) = -j**3 + 7*j**2 + 8*j - 11. Determine u(8).
-11
Let y(g) = -g**3 - 9*g**2 - 9*g - 8. Give y(-8).
0
Let a(x) = x**3 - 12*x**2 + 11*x - 29. Calculate a(11).
-29
Let i(o) = -o**3 + 8*o**2 - 2*o - 17. Determine i(7).
18
Let j(r) = -4*r**3 + 5*r**2 